{"id":1366,"date":"2021-12-12T23:17:13","date_gmt":"2021-12-12T22:17:13","guid":{"rendered":"https:\/\/www.aquitache.com\/?page_id=1366"},"modified":"2024-08-09T18:48:52","modified_gmt":"2024-08-09T16:48:52","slug":"a-propos","status":"publish","type":"page","link":"https:\/\/www.aquitache.com\/index.php\/a-propos\/","title":{"rendered":"A propos"},"content":{"rendered":"\n<p>.<\/p>\n\n\n\n<p>Bienvenue chez Aquitache , votre partenaire de confiance pour un <strong>m\u00e9nage \u00e0 domicile<\/strong> impeccable \u00e0 <strong>Bordeaux<\/strong> et ses environs. Nous savons \u00e0 quel point il est essentiel de rentrer dans une maison propre et accueillante. C\u2019est pourquoi nos \u00e9quipes, form\u00e9es et exp\u00e9riment\u00e9es, mettent tout en \u0153uvre pour offrir un <strong>service de m\u00e9nage <\/strong>personnalis\u00e9, adapt\u00e9 \u00e0 vos besoins sp\u00e9cifiques.<\/p>\n\n\n\n<p>Que vous ayez besoin d\u2019un <strong>m\u00e9nage r\u00e9gulier<\/strong>, d\u2019un grand nettoyage ou d\u2019un <strong>entretien ponctuel<\/strong>, Aquitache est l\u00e0 pour vous. Nous utilisons des techniques de nettoyage modernes et respectueuses de l\u2019environnement, assurant ainsi un espace de vie sain pour vous et vos proches.<\/p>\n\n\n\n<p>Nous croyons que le v\u00e9ritable luxe, c\u2019est de pouvoir se concentrer sur ce qui compte vraiment, sans se soucier des t\u00e2ches m\u00e9nag\u00e8res. Chez Aquitache nous ne nous contentons pas de nettoyer votre maison, nous cr\u00e9ons un environnement o\u00f9 vous vous sentez bien, chaque jour.<\/p>\n\n\n\n<p>La confiance est au c\u0153ur de notre service. C\u2019est pourquoi chaque membre de notre \u00e9quipe est rigoureusement s\u00e9lectionn\u00e9 et form\u00e9 pour garantir votre satisfaction. Notre mission est de rendre votre vie plus facile, en vous offrant un service de m\u00e9nage fiable, flexible et de haute qualit\u00e9.<\/p>\n\n\n\n<p>N\u2019h\u00e9sitez pas \u00e0 nous contacter pour en savoir plus sur nos services de m\u00e9nage \u00e0 domicile \u00e0 Bordeaux. Ensemble, cr\u00e9ons un chez-vous encore plus accueillant.<\/p>\n\n\n\n<p><\/p>\n\n\n\n<p><\/p>\n\n\n\n<p><\/p>\n\n\n\n<p><\/p>\n\n\n\n<p><\/p>\n\n\n\n<p><\/p>\n\n\n\n<p><\/p>\n\n\n\n<p><\/p>\n\n\n\n<p><\/p>\n","protected":false},"excerpt":{"rendered":"<p>. Bienvenue chez Aquitache , votre partenaire de confiance pour un m\u00e9nage \u00e0 domicile impeccable \u00e0 Bordeaux et ses environs. Nous savons \u00e0 quel point il est essentiel de rentrer dans une maison propre et accueillante. C\u2019est pourquoi nos \u00e9quipes, form\u00e9es et exp\u00e9riment\u00e9es, mettent tout en \u0153uvre pour offrir un service de m\u00e9nage personnalis\u00e9, adapt\u00e9&#8230;<\/p>\n","protected":false},"author":1,"featured_media":0,"parent":0,"menu_order":0,"comment_status":"closed","ping_status":"closed","template":"","meta":{"_kadence_starter_templates_imported_post":false,"_kad_post_transparent":"","_kad_post_title":"","_kad_post_layout":"","_kad_post_sidebar_id":"","_kad_post_content_style":"","_kad_post_vertical_padding":"","_kad_post_feature":"","_kad_post_feature_position":"","_kad_post_header":false,"_kad_post_footer":false,"_kad_post_classname":"","footnotes":""},"class_list":["post-1366","page","type-page","status-publish","hentry"],"_links":{"self":[{"href":"https:\/\/www.aquitache.com\/index.php\/wp-json\/wp\/v2\/pages\/1366","targetHints":{"allow":["GET"]}}],"collection":[{"href":"https:\/\/www.aquitache.com\/index.php\/wp-json\/wp\/v2\/pages"}],"about":[{"href":"https:\/\/www.aquitache.com\/index.php\/wp-json\/wp\/v2\/types\/page"}],"author":[{"embeddable":true,"href":"https:\/\/www.aquitache.com\/index.php\/wp-json\/wp\/v2\/users\/1"}],"replies":[{"embeddable":true,"href":"https:\/\/www.aquitache.com\/index.php\/wp-json\/wp\/v2\/comments?post=1366"}],"version-history":[{"count":3,"href":"https:\/\/www.aquitache.com\/index.php\/wp-json\/wp\/v2\/pages\/1366\/revisions"}],"predecessor-version":[{"id":1609,"href":"https:\/\/www.aquitache.com\/index.php\/wp-json\/wp\/v2\/pages\/1366\/revisions\/1609"}],"wp:attachment":[{"href":"https:\/\/www.aquitache.com\/index.php\/wp-json\/wp\/v2\/media?parent=1366"}],"curies":[{"name":"wp","href":"https:\/\/api.w.org\/{rel}","templated":true}]}}