{"id":1368,"date":"2021-12-12T23:17:13","date_gmt":"2021-12-12T22:17:13","guid":{"rendered":"https:\/\/www.aquitache.com\/?page_id=1368"},"modified":"2022-04-22T23:16:45","modified_gmt":"2022-04-22T21:16:45","slug":"faq","status":"publish","type":"page","link":"https:\/\/www.aquitache.com\/index.php\/faq\/","title":{"rendered":"FAQ"},"content":{"rendered":"\n<p class=\"has-small-font-size\">Le service Avance imm\u00e9diate pour les clients de prestataires<\/p>\n\n\n\n<p id=\"FAQ-avance-imm\u00e9diate\" style=\"font-style:normal;font-weight:600\">Qui g\u00e8re ce service?<\/p>\n\n\n\n<p>Le service Avance imm\u00e9diate est propos\u00e9 par l&rsquo;Urssaf et la Direction g\u00e9n\u00e9rale des Finances  publiques .<\/p>\n\n\n\n<p><strong>Qu&rsquo;est-ce que l&rsquo;avance imm\u00e9diate de cr\u00e9dit d&rsquo;imp\u00f4t ?<\/strong><\/p>\n\n\n\n<p>Le service Avance imm\u00e9diate vous permet de d\u00e9duire le montant de votre cr\u00e9dit d&rsquo;imp\u00f4t du montant d\u00fb \u00e0 votre organisme prestataire .<\/p>\n\n\n\n<p><strong>Quelles sont les conditions pour b\u00e9n\u00e9ficier du service?<\/strong><\/p>\n\n\n\n<p class=\"has-text-align-left\">Pour b\u00e9n\u00e9ficier de ce service:<\/p>\n\n\n\n<ul class=\"wp-block-list\"><li>votre organisme de service \u00e0 la personne doit lui-m\u00eame en avoir fait la demande aupr\u00e8s de l&rsquo;Urssaf. Si votre organisme de services \u00e0 la personne propose ce service, il lui appartient de vous informer ;<\/li><li>vous devez disposer d&rsquo;un compte bancaire domicilie en France;<\/li><li>un num\u00e9ro fiscal doit \u00eatre associ\u00e9 \u00e0 votre \u00e9tat civil;<\/li><li>vous devez avoir d\u00e9j\u00e0 effectu\u00e9 au moins une d\u00e9claration de revenus.        <\/li><\/ul>\n\n\n\n<p><strong>Quel sera l&rsquo;impact sur la facturation?<\/strong><\/p>\n\n\n\n<p>L&rsquo;inscription au service vous donne acc\u00e8s \u00e0 un compte sur la plateforme particulier.urssaf.fr(site accessible \u00e0 compter d&rsquo;avril 2022) via laquelle votre organisme prestataire vous transmettra des demandes de paiement pour les prestations r\u00e9alis\u00e9es .Vous recevrez alors une notification de l&rsquo;Urssaf.<\/p>\n\n\n\n<p>Vous disposerez de 48 heures pour valider ou contester cette demande.Une fois valid\u00e9e ,l&rsquo;Urssaf pr\u00e9l\u00e8ve le montant correspondant sur votre bancaire dans les 2 jours ouvr\u00e9s suivant la validation et verse le montant de la prestation \u00e0 votre organisme de service \u00e0 la personne dans un d\u00e9lai de 4 jours ouvr\u00e9s apr\u00e8s validation de la demande de paiement .<\/p>\n\n\n\n<p><strong>Qu&rsquo;est-ce qu&rsquo;une demande de paiement ?<\/strong><\/p>\n\n\n\n<p>Une demande de paiement indique \u00e0 votre client le montant total des prestations r\u00e9alis\u00e9es ainsi que le montant de son reste \u00e0 payer, apr\u00e8s d\u00e9duction du cr\u00e9dit d&rsquo;imp\u00f4t. Reste \u00e0 payer = montant de la prestation factur\u00e9e- credit d&rsquo;imp\u00f4t.<\/p>\n\n\n\n<p><strong>Dans le cas du versement d&rsquo;un acompte , celui-ci est-il pris en compte dans la demande de paiement ?<\/strong><\/p>\n\n\n\n<p>Le montant de la demande de paiement \u00e9mise par votre organisme de services \u00e0 la personne prend en compte le paiement d&rsquo;un \u00e9ventuel acompte. Celui-ci est donc d\u00e9duit du montant qui vous sera pr\u00e9lev\u00e9 et de celui qui sera vers\u00e9 \u00e0 votre organisme.<\/p>\n\n\n\n<p><strong>Comment acc\u00e9der \u00e0 mes demandes de paiement ?<\/strong><\/p>\n\n\n\n<p>Vous pouvez retrouver  vos demandes de paiement en vous connectants votre compte \u00e0 partir particulier . urssaf .fr,\u00e0 la rubrique\u00a0\u00bbPaiement\u00a0\u00bb>\u00a0\u00bbTous mes paiements\u00a0\u00bb.<\/p>\n\n\n\n<p><strong>Qui est mon interlocuteur en cas de question ou difficult\u00e9?<\/strong><\/p>\n\n\n\n<p>Pour toute question, merci de vous rapprocher de votre organisme de services \u00e0 la personne.<\/p>\n\n\n\n<p><strong>Quel sera l&rsquo;impact sur ma d\u00e9claration de revenus?<\/strong><\/p>\n\n\n\n<p>Le montant de l&rsquo;Avance imm\u00e9diate que vous avez per\u00e7u sera automatiquement pr\u00e9 rempli dans votre d\u00e9claration de revenus. Il vous appartient de v\u00e9rifier ce montant et de le corriger si n\u00e9cessaire.<\/p>\n\n\n\n<p>Des informations compl\u00e9mentaires vous seront communiqu\u00e9es \u00e0 l&rsquo;ouverture de la p\u00e9riode fiscale 2022.<\/p>\n\n\n\n<p><strong>Comment suivre la consommation de mon cr\u00e9dit d&rsquo;imp\u00f4t ?<\/strong><\/p>\n\n\n\n<p>Vous retrouverez le r\u00e9capitulatif de votre consommation de cr\u00e9dit d&rsquo;imp\u00f4t sur la page d&rsquo;accueil de votre compte, sur particulier.urssaf.fr . Y sont d\u00e9taill\u00e9s les informations suivantes <\/p>\n\n\n\n<ul class=\"wp-block-list\"><li>le plafond annuel d&rsquo;avance imm\u00e9diate de cr\u00e9dit d&rsquo;imp\u00f4t ;<\/li><li>le montant consomm\u00e9 sur l&rsquo;ann\u00e9e;<\/li><li>le montant encore disponible.<\/li><\/ul>\n\n\n\n<p><strong>Vais-je toujours recevoir une attestation fiscale?<\/strong><\/p>\n\n\n\n<p>Votre organisme de services \u00e0 la personne , comme chaque ann\u00e9e , devra vous remettre une attestation fiscale.<\/p>\n\n\n\n<p><strong>Quel est le plafond de cr\u00e9dit d&rsquo;imp\u00f4t pour le recours \u00e0 des services \u00e0 la personne?<\/strong><\/p>\n\n\n\n<p>Le montant du plafond d&rsquo;avance imm\u00e9diate de cr\u00e9dit d&rsquo;imp\u00f4t est fixe par le d\u00e9cret n\u00b02021- 1935 du 30 d\u00e9cembre 2021 et s&rsquo;\u00e9l\u00e8ve \u00e0 6000\u20ac sur l&rsquo;ann\u00e9e(donc 12 000\u20ac de d\u00e9penses). Celui-ci est port\u00e9 \u00e0 10000\u20ac(donc 20000\u20ac de d\u00e9penses)pour les particuliers en situation de handicap.<\/p>\n\n\n\n<p><strong>Comment cela fonctionne-t-il si je b\u00e9n\u00e9ficie \u00e9galement du service en tant que particulier employeur?<\/strong><\/p>\n\n\n\n<p>Si vous b\u00e9n\u00e9ficiez du service Avance imm\u00e9diate en tant que particulier employeur et en tant que client d&rsquo;un organisme prestataire ,vous suivez et g\u00e9rez vos d\u00e9penses sur deux espaces distincts : \u00e0 partir de la rubrique \u00ab\u00a0Mes aides\u00a0\u00bbde votre tableau de bord Cesu pour les d\u00e9penses engag\u00e9es en tant que particulier employeur et \u00e0 partir de la plateforme particulier . Urssaf.fr pour les d\u00e9penses engag\u00e9es en tant que client d&rsquo;un organisme de services \u00e0 la personne.<\/p>\n\n\n\n<p>A noter : si en plus de votre statut de particulier employeur, vous avez recours \u00e0 une structure de services \u00e0 la personne, le plafond de votre cr\u00e9dit d&rsquo;imp\u00f4t est applicable au cumul des d\u00e9penses engag\u00e9es aupr\u00e8s du Cesu et de vos prestataires de services \u00e0 la personne.<\/p>\n\n\n\n<p><strong>L&rsquo;Avance imm\u00e9diate remplace-t-elle l&rsquo;acompte de cr\u00e9dit d&rsquo;imp\u00f4t vers\u00e9 par l&rsquo;administration fiscale.<\/strong><\/p>\n\n\n\n<p>Les d\u00e9penses effectu\u00e9es \u00e0 partir de janvier 2022 concerneront la <strong>d\u00e9claration de revenus 2022<\/strong>, qui sera faite en 2023.<\/p>\n\n\n\n<p>La \u00ab\u00a0traditionnelle avance RICI\u00a0\u00bb, qui sera envoy\u00e9e le 15 janvier 2022, concerne les revenus de 2021  et coexistera donc cette ann\u00e9e pour les usagers recourant \u00e0 l&rsquo;<strong>Avance imm\u00e9diate<\/strong>(puisque cela concerne 2022).<\/p>\n\n\n\n<p>A partir de 2023, un \u00e9change de donn\u00e9es interviendra chaque ann\u00e9e entre la DGFiP est l&rsquo;Urssaf pour prendre en compte de mani\u00e8re automatique le b\u00e9n\u00e9ficie de l&rsquo;Avance imm\u00e9diate vers\u00e9e en 2022 dans le montant de l&rsquo;acompte vers\u00e9 en janvier 2023. Le contribuable n&rsquo;aura rien \u00e0 faire.<\/p>\n\n\n\n<p>L&rsquo;avance <strong>RICI<\/strong> n&rsquo;est pas modifi\u00e9e pour tous les autres cr\u00e9dits et r\u00e9ductions d&rsquo;imp\u00f4ts non concern\u00e9s par l&rsquo;Avance imm\u00e9diate.<\/p>\n\n\n\n<p><strong>Quel est mon identifiant de connexion?<\/strong><\/p>\n\n\n\n<p>L&rsquo;identifiant vous permettant de vous connecter \u00e0 votre compte correspond \u00e0 l&rsquo;adresse mail \u00e0 laquelle le mail d&rsquo;activation de votre compte vous a \u00e9t\u00e9 envoy\u00e9.<\/p>\n\n\n\n<p><strong>J&rsquo;ai perdu mon mot de passe, comment faire ?<\/strong><\/p>\n\n\n\n<p>Si vous avez perdu votre mot de passe, rendez-vous sur particulier.urssaf.fr. Cliquez sur \u00ab\u00a0Me connecter\u00a0\u00bbpuis\u00a0\u00bbMot de passe oubli\u00e9\u00a0\u00bb et laissez-vous guider.<\/p>\n\n\n\n<p><strong>Comment modifier mes coordonn\u00e9es bancaires<\/strong> ?<\/p>\n\n\n\n<p>Vous pouvez modifier \u00e0 tout moment vos informations personnes \u00e0 partir de votre compterez cliquant sur votre nom.<\/p>\n\n\n\n<p>Attention : le compte bancaire saisie doit \u00eatre domicilie en France.<\/p>\n\n\n\n<p><strong>Comment modifier mon mot de passe ?<\/strong><\/p>\n\n\n\n<p>Vous pouvez modifier \u00e0 tout moment votre mot de passe \u00e0 partir de votre compte , en cliquant sur votre nom .<\/p>\n","protected":false},"excerpt":{"rendered":"<p>Le service Avance imm\u00e9diate pour les clients de prestataires Qui g\u00e8re ce service? Le service Avance imm\u00e9diate est propos\u00e9 par l&rsquo;Urssaf et la Direction g\u00e9n\u00e9rale des Finances publiques . Qu&rsquo;est-ce que l&rsquo;avance imm\u00e9diate de cr\u00e9dit d&rsquo;imp\u00f4t ? Le service Avance imm\u00e9diate vous permet de d\u00e9duire le montant de votre cr\u00e9dit d&rsquo;imp\u00f4t du montant d\u00fb \u00e0&#8230;<\/p>\n","protected":false},"author":1,"featured_media":0,"parent":0,"menu_order":0,"comment_status":"closed","ping_status":"closed","template":"","meta":{"_kadence_starter_templates_imported_post":false,"_kad_post_transparent":"","_kad_post_title":"","_kad_post_layout":"","_kad_post_sidebar_id":"","_kad_post_content_style":"","_kad_post_vertical_padding":"","_kad_post_feature":"","_kad_post_feature_position":"","_kad_post_header":false,"_kad_post_footer":false,"_kad_post_classname":"","footnotes":""},"class_list":["post-1368","page","type-page","status-publish","hentry"],"_links":{"self":[{"href":"https:\/\/www.aquitache.com\/index.php\/wp-json\/wp\/v2\/pages\/1368","targetHints":{"allow":["GET"]}}],"collection":[{"href":"https:\/\/www.aquitache.com\/index.php\/wp-json\/wp\/v2\/pages"}],"about":[{"href":"https:\/\/www.aquitache.com\/index.php\/wp-json\/wp\/v2\/types\/page"}],"author":[{"embeddable":true,"href":"https:\/\/www.aquitache.com\/index.php\/wp-json\/wp\/v2\/users\/1"}],"replies":[{"embeddable":true,"href":"https:\/\/www.aquitache.com\/index.php\/wp-json\/wp\/v2\/comments?post=1368"}],"version-history":[{"count":13,"href":"https:\/\/www.aquitache.com\/index.php\/wp-json\/wp\/v2\/pages\/1368\/revisions"}],"predecessor-version":[{"id":1510,"href":"https:\/\/www.aquitache.com\/index.php\/wp-json\/wp\/v2\/pages\/1368\/revisions\/1510"}],"wp:attachment":[{"href":"https:\/\/www.aquitache.com\/index.php\/wp-json\/wp\/v2\/media?parent=1368"}],"curies":[{"name":"wp","href":"https:\/\/api.w.org\/{rel}","templated":true}]}}